 of 10?
False
Does 2563 divide 505932316?
False
Is 18 a factor of 49258560?
False
Is 108 a factor of 215482475?
False
Is 22 a factor of 160912817?
False
Is 4398 a factor of 53790947?
False
Does 734 divide 80184362?
True
Does 2 divide 183822?
True
Does 2143 divide 41743078?
False
Is 425897900 a multiple of 90?
False
Is 654976141 a multiple of 163?
False
Does 85 divide 5319214259?
False
Does 67 divide 30238190?
False
Is 2736616915 a multiple of 1461?
False
Is 719608755 a multiple of 3147?
True
Does 9 divide 4349322?
True
Is 2 a factor of 2284367?
False
Is 222 a factor of 29815319?
False
Is 1402 a factor of 440732096?
False
Is 571548250 a multiple of 26?
True
Is 103311427 a multiple of 1603?
False
Is 173 a factor of 52477007?
False
Is 403241560 a multiple of 3895?
True
Does 70 divide 574880?
False
Is 8711220 a multiple of 20?
True
Is 16 a factor of 1284637119?
False
Does 11060 divide 3449282200?
True
Does 4232 divide 665710528?
True
Does 29 divide 4017742?
False
Is 404799131 a multiple of 381?
False
Is 25964204 a multiple of 14?
True
Is 3768214749 a multiple of 1860?
False
Is 94452540 a multiple of 1437?
False
Is 75 a factor of 13191750?
True
Does 115 divide 43890178?
False
Is 2296 a factor of 51306416?
True
Is 139469082 a multiple of 606?
True
Is 268720536 a multiple of 56?
True
Does 162 divide 77609016?
True
Is 55 a factor of 8220740?
True
Is 147542510 a multiple of 74?
False
Does 462 divide 845935447?
False
Is 6 a factor of 60514664?
False
Does 654 divide 31070917?
False
Does 2995 divide 375857525?
True
Does 866 divide 117752618?
True
Is 12600996 a multiple of 12?
True
Does 8 divide 3366663073?
False
Is 244 a factor of 22975040?
True
Is 371103482 a multiple of 2182?
False
Does 446 divide 23670944?
False
Does 4302 divide 407180318?
False
Is 19 a factor of 665358283?
True
Does 181 divide 408892952?
False
Is 818 a factor of 2276080910?
True
Is 6974551711 a multiple of 6247?
False
Does 159 divide 1197550591?
False
Does 93 divide 1157031991?
False
Is 2738 a factor of 36196428?
False
Does 3 divide 132173322?
True
Is 20818730 a multiple of 604?
False
Is 1247 a factor of 196607240?
False
Does 3 divide 142125015?
True
Is 274 a factor of 3609128?
True
Is 24 a factor of 338629667?
False
Is 323646 a multiple of 114?
True
Does 829 divide 1751659668?
False
Is 33520960 a multiple of 160?
True
Is 314275660 a multiple of 1030?
True
Is 1740439360 a multiple of 573?
False
Does 31 divide 13454186?
True
Does 10968 divide 608482752?
False
Does 346 divide 25750704?
True
Is 20329732 a multiple of 46?
False
Is 762450452 a multiple of 4?
True
Does 13 divide 648008075?
True
Is 182011500 a multiple of 225?
True
Is 8 a factor of 3149960256?
True
Does 9 divide 50382291?
False
Is 390611786 a multiple of 9?
False
Is 10856154 a multiple of 959?
False
Is 21555150 a multiple of 107?
True
Is 49435173 a multiple of 1503?
True
Is 28990962 a multiple of 126?
True
Is 5479090 a multiple of 96?
False
Does 42 divide 104770932?
True
Is 9893184 a multiple of 112?
True
Does 16 divide 57874271?
False
Does 113 divide 848704878?
False
Is 1390 a factor of 157929020?
True
Is 1588 a factor of 132006078?
False
Does 17 divide 19307920?
True
Is 408 a factor of 180224616?
True
Is 31 a factor of 443331107?
False
Is 444145485 a multiple of 1785?
True
Is 2140 a factor of 33283420?
True
Is 1302 a factor of 2530429188?
True
Is 183 a factor of 1844209767?
True
Does 618 divide 1608133644?
True
Is 3504 a factor of 23876256?
True
Is 3300 a factor of 45441000?
True
Is 3709 a factor of 1291341688?
False
Is 9913146 a multiple of 141?
True
Does 4360 divide 54199160?
True
Does 15596 divide 6451472552?
True
Is 15 a factor of 265791001?
False
Is 293699560 a multiple of 1336?
True
Is 5 a factor of 34999165?
True
Does 763 divide 506703127?
False
Is 7 a factor of 137684869?
True
Does 27 divide 24330149?
False
Is 615140282 a multiple of 269?
False
Does 30 divide 333395340?
True
Is 11 a factor of 757702552?
False
Does 7456 divide 5792014656?
True
Is 26683722 a multiple of 27?
True
Is 1691 a factor of 1831170372?
True
Is 3 a factor of 260250323?
False
Does 2 divide 15504568?
True
Is 1970650131 a multiple of 11458?
False
Does 9 divide 130217833?
False
Is 6 a factor of 22697634?
True
Does 29 divide 243090702?
True
Is 19611480 a multiple of 6?
True
Is 3923 a factor of 799566245?
True
Does 1767 divide 3190132965?
True
Does 139 divide 1433524792?
True
Is 1311 a factor of 15363609?
True
Is 3064938388 a multiple of 476?
False
Does 5 divide 337908553?
False
Does 3 divide 317735752?
False
Is 1156215684 a multiple of 1534?
True
Is 938920160 a multiple of 13?
False
Does 568 divide 111339843?
False
Is 48 a factor of 2266992?
True
Does 63 divide 389835170?
False
Does 63 divide 859344763?
False
Is 491687434 a multiple of 18?
False
Does 152 divide 78948344?
True
Is 58185424 a multiple of 1177?
False
Is 1645412 a multiple of 6?
False
Is 10 a factor of 198327913?
False
Is 16589487 a multiple of 67?
False
Is 321765928 a multiple of 88?
True
Does 19 divide 1304939?
True
Is 2759894 even?
True
Does 251 divide 3085699875?
True
Is 145279928 a multiple of 1380?
False
Is 28326832 a multiple of 16?
True
Does 3231 divide 668671244?
False
Is 810 a factor of 189117707?
False
Does 1619 divide 466625816?
False
Does 565 divide 682193423?
False
Does 9441 divide 4247354844?
True
Is 1843714980 a multiple of 538?
False
Is 14376112 a multiple of 464?
True
Is 172200732 a multiple of 33?
True
Does 45 divide 24867315?
True
Is 19 a factor of 26179644?
True
Is 19945604 a multiple of 284?
True
Is 1021508586 a multiple of 98?
True
Is 1187936509 a multiple of 63?
False
Does 65 divide 10703865?
False
Is 245147732 a multiple of 2665?
False
Is 11 a factor of 3022566303?
False
Is 131608022 a multiple of 1729?
True
Is 87836801 a multiple of 13?
True
Is 511631280 a multiple of 15?
True
Does 44 divide 5573134?
False
Is 816826429 a multiple of 1013?
False
Does 6039 divide 1768835178?
True
Is 124662800 a multiple of 1900?
True
Is 50 a factor of 180204600?
True
Does 1044 divide 1149228438?
False
Is 19810287 a multiple of 63?
True
Is 249217944 a multiple of 238?
False
Is 398536498 a multiple of 25?
False
Is 381577649 a multiple of 36?
False
Is 27 a factor of 96954837?
False
Is 62266224 a multiple of 358?
True
Is 9036774 a multiple of 421?
False
Is 11921448 a multiple of 379?
False
Is 2652841214 a multiple of 11?
False
Does 75 divide 95580750?
True
Does 981 divide 515206485?
True
Does 39 divide 12252308?
False
Does 8 divide 2115902576?
True
Does 20 divide 13410960?
True
Is 43 a factor of 224800703?
False
Does 1541 divide 35769692?
True
Does 140 divide 228123587?
False
Is 383502284 a multiple of 22?
True
Is 2 a factor of 580305?
False
Is 9112556 a multiple of 10?
False
Does 2341 divide 17402994?
True
Is 2323805228 a multiple of 13?
False
Does 5074 divide 1631898422?
False
Does 10 divide 97083730?
True
Is 179131967 a multiple of 3779?
False
Is 5171144 a multiple of 4?
True
Is 4335 a factor of 734630775?
True
Is 47097550 a multiple of 25?
True
Is 95 a factor of 272941592?
False
Does 6 divide 329363?
False
Is 488330958 a multiple of 7935?
False
Does 392 divide 492575881?
False
Is 39199372 even?
True
Is 40 a factor of 2299920?
True
Is 18116227 a multiple of 496?
False
Is 9 a factor of 78224600?
False
Is 4839 a factor of 787016359?
False
Is 297 a factor of 594942084?
True
Does 2207 divide 67837691?
False
Does 6024 divide 741201043?
False
Is 4465 a factor of 121625211?
False
Does 4 divide 14049872?
True
Is 8 a factor of 1995137385?
False
Does 1282 divide 22159370?
True
Is 1593056 even?
True
Is 858511948 a multiple of 63?
False
Is 37 a factor of 32391391?
True
Does 12 divide 17459784?
True
Is 14 a factor of 10037075?
False
Is 536 a factor of 803825660?
False
Is 249692 a multiple of 33?
False
Does 514 divide 199966046?
True
Is 4 a factor of 57970055?
False
Does 1445 divide 404276320?
True
Is 181 a factor of 54955220?
True
Does 5 divide 14244944?
False
Is 46 a factor of 17175434?
True
Is 873564006 a multiple of 259?
True
Is 129080160 a multiple of 72?
True
Does 135 divide 164043090?
True
Does 516 divide 85442892?
True
Does 2 divide 626052796?
True
Is 57917 a multiple of 94?
False
Is 1190 a factor of 95333280?
True
Is 96884398 a multiple of 31?
False
Does 3025 divide 32660925?
True